 base 6, what is 34305423502 + 1?
34305423503
In base 8, what is -13 + 40206265?
40206252
In base 13, what is b + 20b52c?
20b53a
In base 10, what is -145339759 + 5?
-145339754
In base 12, what is -13827 + 60ab?
-9738
In base 3, what is 20101222 + -1200100?
11201122
In base 3, what is -1212210 - -12211011?
10221101
In base 2, what is 11111110010011110010111111011 - 10?
11111110010011110010111111001
In base 6, what is 34005514 + -51?
34005423
In base 2, what is 10000001101011011111111110010 - -10?
10000001101011011111111110100
In base 7, what is -3 - -165321333?
165321330
In base 11, what is 10a6010 + -25?
10a5a96
In base 13, what is -7117 - 49a9?
-bac3
In base 7, what is 50630136 + 15?
50630154
In base 6, what is 23054212 + -153?
23054015
In base 11, what is 6 + 6921a302?
6921a308
In base 2, what is -101100100010011101111 + 11?
-101100100010011101100
In base 14, what is -291554d3 - -4?
-291554cd
In base 8, what is -142 - 3000227?
-3000371
In base 3, what is 12001 + 11010020102002?
11010020121010
In base 10, what is -739 - -3858?
3119
In base 13, what is -bc87c2 + 5b?
-bc8764
In base 14, what is 3c16c + -c5?
3c087
In base 11, what is 70a13525 - 5?
70a13520
In base 15, what is 29 + -355554?
-35552a
In base 13, what is -12c45675 + -2?
-12c45677
In base 13, what is 26b514 - -5?
26b519
In base 6, what is 31 + 21250040?
21250111
In base 5, what is 1114442303 - 44?
1114442204
In base 6, what is -1101 - -1253244?
1252143
In base 7, what is -10 - 154562644?
-154562654
In base 12, what is 230 + -20594?
-20364
In base 13, what is 43c + b5a5?
ba14
In base 15, what is 107428 + -53b?
106ddc
In base 10, what is 2 - 647321?
-647319
In base 13, what is 3 + 5575109?
557510c
In base 15, what is -697a06 + 1?
-697a05
In base 9, what is 13134 - 170?
12854
In base 4, what is 1013 - -20002332?
20010011
In base 2, what is -11 + 10100001001010010101111?
10100001001010010101100
In base 12, what is -1a362 + -38?
-1a39a
In base 5, what is -24 - 140123004?
-140123033
In base 2, what is 11000101101001100011100000 - 110?
11000101101001100011011010
In base 15, what is 132942 - 11?
132931
In base 9, what is -4 + -6511252?
-6511256
In base 2, what is 1010000111101100110000010101 - 10?
1010000111101100110000010011
In base 5, what is -221001 + -241431?
-1012432
In base 2, what is -110100110111011110110 + -1110?
-110100110111100000100
In base 13, what is -2b0a7b - -6?
-2b0a75
In base 13, what is -860388 - 4?
-86038c
In base 14, what is -1552234 - 3?
-1552237
In base 8, what is -5 - -116153425?
116153420
In base 9, what is 368 - -16165?
16544
In base 12, what is b + -2053b1?
-2053a2
In base 9, what is 4 + -104107502?
-104107487
In base 4, what is 1200213300301231 + 2?
1200213300301233
In base 15, what is 28e42 - 22?
28e20
In base 3, what is 10 - -21210000022?
21210000102
In base 15, what is 12c + 31749?
31876
In base 4, what is -1023210321213 - -3?
-1023210321210
In base 16, what is -b771a0 + 4?
-b7719c
In base 8, what is 13464421 - -144?
13464565
In base 7, what is 1421156 - 35?
1421121
In base 5, what is 1323320220 - 2?
1323320213
In base 2, what is 11001001001100011010 + 1100?
11001001001100100110
In base 9, what is 508 + 1111?
1620
In base 5, what is -4 + 1011220221?
1011220212
In base 16, what is 1 + 6057423?
6057424
In base 6, what is 35302130 - -2?
35302132
In base 8, what is -43421 - 1757?
-45400
In base 6, what is 451430 - 2533?
444453
In base 5, what is 40 - 21030404443?
-21030404403
In base 11, what is -3033a668 - -2?
-3033a666
In base 2, what is 11110101100111 + 111001100?
11111100110011
In base 15, what is 30ad87 - -ca?
30ae62
In base 9, what is 8364 - 1267?
7086
In base 16, what is 6 + 28086a7?
28086ad
In base 10, what is -17345 - 2460?
-19805
In base 10, what is 2 - 24336837?
-24336835
In base 8, what is 50 - -1124177?
1124247
In base 4, what is 111010030332 - -12?
111010031010
In base 7, what is -105234 + 3336?
-101565
In base 8, what is -13 + 36270131?
36270116
In base 9, what is -4 - 54041413?
-54041417
In base 14, what is -6404a99 - 4?
-6404a9d
In base 16, what is -16eabd - -6?
-16eab7
In base 6, what is -203 + -10322015?
-10322222
In base 16, what is -11f5150 - -5?
-11f514b
In base 10, what is 13 - 11700793?
-11700780
In base 6, what is -3 - -3335433021?
3335433014
In base 8, what is 32235 - 20?
32215
In base 7, what is -503315 + 233?
-503052
In base 3, what is 12 + -2200201002202?
-2200201002120
In base 4, what is 30 - -3111321111?
3111321201
In base 14, what is 21b50a42 - -4?
21b50a46
In base 14, what is -5 + -3c21a38c?
-3c21a393
In base 9, what is 1660724 - -4?
1660728
In base 5, what is 20234320 + -210?
20234110
In base 5, what is 1321040031 + -10?
1321040021
In base 10, what is -24 - 2971889?
-2971913
In base 8, what is -101477 - -63?
-101414
In base 14, what is -367107 - -89?
-36705c
In base 11, what is -11343 - -142?
-11201
In base 5, what is 2404241 - 12322?
2341414
In base 10, what is -694585 - -19?
-694566
In base 6, what is -125 + 100000054?
55555525
In base 15, what is -15c651b + -4?
-15c6520
In base 9, what is -3120 - -35332?
32212
In base 13, what is 39 - 177b2a?
-177ac1
In base 4, what is -1010011012 - -22102?
-1003322310
In base 11, what is 5 - -1618445?
161844a
In base 5, what is -1001304 - 13213?
-1020022
In base 5, what is 0 + -3040124141?
-3040124141
In base 16, what is -1c0dd0 + d?
-1c0dc3
In base 5, what is 2 - 2120020043?
-2120020041
In base 3, what is 22021001121222002 - -10?
22021001121222012
In base 2, what is -10100111000011110 + 110110000?
-10100110001101110
In base 3, what is 11021222210201001 + -11?
11021222210200220
In base 3, what is -2112122202200 - 2?
-2112122202202
In base 7, what is 1236 + 4663004?
4664243
In base 9, what is 54541 + -33?
54507
In base 6, what is -12 + -45405151?
-45405203
In base 12, what is 0 - 2a027b2?
-2a027b2
In base 5, what is -2 + 131322131123?
131322131121
In base 10, what is -142561 - 104?
-142665
In base 14, what is -33876da - -4?
-33876d6
In base 15, what is -11249 - -2401?
-dd48
In base 10, what is 20 - 559051?
-559031
In base 4, what is -2231 - -132320122?
132311231
In base 15, what is 3803 + 1be4?
54e7
In base 3, what is -1011000102 + -10010?
-1011010112
In base 5, what is 1310121410004 - -4?
1310121410013
In base 16, what is -366 - -13de5?
13a7f
In base 15, what is -6031d + 62c?
-5ebe1
In base 6, what is 5 + -2155030321?
-2155030312
In base 16, what is 1535 + -119f0?
-104bb
In base 16, what is 5992 - -8a?
5a1c
In base 8, what is 47 + -5552432?
-5552363
In base 9, what is 30577054 - -2?
30577056
In base 12, what is -b9200 + 1a?
-b91a2
In base 9, what is 354 + 4817841?
4818305
In base 4, what is -10312311 - -323?
-10311322
In base 16, what is -e56 - 85f3?
-9449
In base 10, what is -537 + 3056559?
3056022
In base 16, what is -32 - -34e660?
34e62e
In base 9, what is 257580 + -712?
256767
In base 7, what is 21220 + 100154?
121404
In base 15, what is 524a37 + 4?
524a3b
In base 10, what is 3 + 13381636?
13381639
In base 9, what is -1041 - 52286?
-53337
In base 7, what is 2626 - 51532?
-45603
In base 16, what is 51 + 53c0?
5411
In base 13, what is -42 + -33a9b55?
-33a9b97
In base 14, what is -1c2a - -1970?
-29a
In base 10, what is 8784227 + 5?
8784232
In base 11, what is -7667915 + -5?
-766791a
In base 16, what is -6042e8 - 4?
-6042ec
In base 8, what is -103632 + -15223?
-121055
In base 4, what is -21230 - 3031112?
-3113002
In base 5, what is -4 + 31220440002?
31220434443
In base 2, what is 100001010011111 + -1111100011101?
10001110000010
In base 5, what is -422111301 - -1?
-422111300
In base 13, what is -9 + -444a05?
-444a11
In base 12, what is -1367 - 394?
-173b
In base 12, what is 2 + -2b44196?
-2b44194
In base 10, what is -2340343 + -2?
-2340345
In base 8, what is 210667 - -1246?
212135
In base 15, what is -2 - -bbe6e4?
bbe6e2
In base 14, what is 3d - -51a29?
51a68
In base 7, what is -15101360 + 35?
-15101322
In base 15, what is -1b7a85 + 7?
-1b7a7d
In base 15, what is -4206d9 + -42?
-42072b
In base 10, what is 3663919 + 7?
3663926
In base 9, what is 218700 - 104?
218585
In base 15, what is 77c5 + -109?
76bb
In base 8, what is -6546474 - 4?
-6546500
In base 2, what is 1110 - -100110001010001011?
100110001010011001
In base 10, what is 31280 + 158?
31438
In base 16, what is -162 + -24f0f?
-25071
In